 49 + 45 = 0. Let w = v - c. Let s(o) = -o**2 + 10*o - 10. What is s(w)?
-1
Let b(s) = -s**3 + 19*s**2 - 3*s + 65. Let d be 4*(-552)/96 + 42. Give b(d).
8
Let a(i) be the first derivative of i**4/4 - i**3 + i**2 - 2*i + 13. Suppose -4 = 4*z, 0 = -4*p + 5*z + 86 + 3. Let k be 6/p + (-133)/(-49). Calculate a(k).
4
Let w(p) = 20*p**2 - 16*p**2 + 0*p - 18 - 12*p**2 - p**3 - p. Determine w(-8).
-10
Let l be ((-17)/(-2) - -2)*(-850)/(-595). Let j(v) = -v**3 + 16*v**2 - 18*v + 35. What is j(l)?
-10
Let u(k) = -k**2 - 29*k + 100. Suppose -a + 5*z - 7 = 0, -a + 4*z - 27 = 3*z. Calculate u(a).
4
Let a(n) = -5*n**2. Let q(p) = 16*p**2 + 2*p - 2. Let r(x) = -2*a(x) - q(x). Give r(3).
-58
Let j(d) = -16*d + 17*d + 7880 - 7874. What is j(-7)?
-1
Let n(z) = -z**2 + 4*z. Let q(a) = -a + 36. Let s be q(0). Let c be 1 + -6 + (47 - s). Suppose 0 = j - 2*g - 1, 2*j - c*g + g = 1. What is n(j)?
3
Let f(b) = -2*b**3 - 19*b**2 + 19*b + 19. Let y(i) = 31*i + 238. Let a be y(-8). Calculate f(a).
-71
Let u(i) = 36*i**2 - 10*i - 1. Let c be u(1). Suppose 27*v + 364 = -c*v. Let y(w) = -w**2 - 4*w + 7. Let h(t) = -t. Let z(s) = h(s) + y(s). Give z(v).
-7
Let g(h) = -2*h**3 - 5*h**3 + 12 - 3 + 9*h**3 - h**3 - 4*h**2 - 4*h. Determine g(5).
14
Let l(g) = 43*g - 36*g + 90 - 84. Calculate l(2).
20
Let u be 0/(-5) + -1 + 2. Let g(i) be the second derivative of 7*i + 0*i**4 + 0*i**2 + 0 - 1/6*i**3 + 3/10*i**5. Determine g(u).
5
Let z(l) = -2*l**2 - 4*l + 2. Let d(o) = -o**2 + 78*o - 626. Let q be d(69). What is z(q)?
-28
Let l(b) be the first derivative of 2*b**3/3 + 5*b**2/2 - 5*b - 1. Let s be l(1). Let o(h) = -19*h**2 + 5*h + 5 - 7*h**2 + 25*h**s. Calculate o(5).
5
Let b(n) = n**3 + 6*n**2 - 8. Let i be b(-6). Let z = i - -6. Let m(q) be the second derivative of q**3/6 - q**2/2 - 47764*q. What is m(z)?
-3
Suppose -5*p + 29 = -0*p - 2*q, -2*p = 3*q - 23. Suppose 0 = 4*c + n - 4, -p*c + 12 = -3*c - n. Let k(t) = -t**3 + 4*t**2 - t + 1. Give k(c).
7
Let n(u) = 17*u**2 + 2*u + u**3 - 6*u - 29 + 17*u + u. Calculate n(-16).
3
Let q(g) = 14 + 606146*g**2 - 303069*g**2 + 13*g - 303078*g**2 + 10. Calculate q(14).
10
Let d be -4 - 172/(-16) - (-4)/16. Let l(v) = -10*v**3 + 9*v**2 + 3*v + 15. Let o(b) = 3*b**3 - 3*b**2 - b - 5. Let i(j) = d*o(j) + 2*l(j). Calculate i(4).
7
Let d(f) = -5 + 4 + f + 6. Suppose -15577*k + 15551*k = 182. Determine d(k).
-2
Let b(v) be the first derivative of 2*v**2 - 138. Let j(y) = -y**3 - 7*y**2 - 7*y. Let m be j(-6). Suppose 0 = 2*w - 4 - m. Determine b(w).
20
Let w be 1/(-2)*(0 + -2). Let z(c) = 0 - w - 4*c - 2*c - 5*c. Suppose 348*p = 342*p - 6. Give z(p).
10
Let d = 5163 - 5182. Let f(m) = -m**3 - 15*m**2 + 74*m - 43. Give f(d).
-5
Suppose 4*r - 37 = -5*m, 0*r - 4*r = m - 1. Let c be (-6 - 0/2)/(-3 - -1). Suppose 6*n = m*n + c. Let k(q) = 8*q**3 + q**2 + q + 1. Give k(n).
-7
Let m = -616 - -619. Let b(g) = 6. Let r(c) = c + 3. Let o(z) = b(z) - 2*r(z). What is o(m)?
-6
Let c = -557 + 983. Let z = c - 423. Let o(v) = -5*v + 7. What is o(z)?
-8
Let d(m) = -m**2 + m + 133. Let c be d(12). Let r(x) = 5*x**2 + 2*x. Let o be r(c). Let h(z) = z**3 - 6*z**2 - 6*z - 10. Calculate h(o).
-3
Let u(o) = -2*o + 12. Let j be u(9). Let m(t) be the first derivative of t**2 + 16*t + 298. Give m(j).
4
Let f(r) = r**2 - 9*r + 9. Suppose 14*i + 84 = 12*i. Let q be (96/18 - 5)/(2/i). Let y be (-12)/28 + (-52)/q. Calculate f(y).
-5
Let i(t) = -t**2 + 16*t - 14. Let l = -13971 - -13986. What is i(l)?
1
Let o(f) = -4 - 2*f**2 - f**2 - 2*f**2 - 11*f + 305*f**3 + 8*f + 10*f**2 - 304*f**3. Let p = -10 - -6. Determine o(p).
24
Let o(m) = 8*m. Let u(k) = -k. Suppose 0 = -8*c + 3*c + 10. Let q(t) = c*o(t) + 14*u(t). Suppose -131*i - 348 = -305*i. What is q(i)?
4
Let r(q) = q**3 - 4*q**2 - 5*q + 1. Suppose 5*p + 1880 = 3*h, -2*p = 2*h + 2*h + 778. Let y = p + 384. Calculate r(y).
1
Let r(u) = 10*u**2 - 3*u. Let k(a) = -20*a**2 + 5*a. Let m(h) = 4*k(h) + 7*r(h). Suppose -10 = -2*g + 2*i, g - 21 = -75*i + 80*i. Determine m(g).
-11
Suppose 9*j - 5*j - 96 = 0. Let q = j + -16. Let y be 2/(1/((-4)/q + 0)). Let a(p) = 17*p**3 + p**2 - 1. Calculate a(y).
-17
Let u(g) = g**2 - 9*g + 2. Let w be (42/49)/(((-1)/3)/(14/(-6))). Give u(w).
-16
Let f(a) be the second derivative of a**6/120 - a**5/30 - a**4/24 - 32*a**2 - 69*a. Let u(j) be the first derivative of f(j). Determine u(2).
-2
Let d(v) = -v**3 + 3*v - 43. Let a(g) = g**2 + g - 8. Let b(z) = 6*a(z) - d(z). Let n = 45 - 78. Let h be 14/(-3) + (-22)/n. Determine b(h).
15
Let x(b) = -3 - b**3 - 10*b - 398*b**2 + 478*b**2 - 89*b**2. What is x(-8)?
13
Suppose -105 = -5*h + x, 5*x - 50 = -4*h + 34. Let q(j) = 13*j - 6*j - 38 + 16 + h. Calculate q(3).
20
Let w(d) = 37*d**2 - 4*d + 92. Let q(a) = 175*a**2 - 22*a + 460. Let u(k) = -4*q(k) + 19*w(k). Give u(-8).
4
Let d(y) = y**2 - 6*y + 3. Suppose -29 - 16 = -4*a + 3*t, -2*a + 15 = -3*t. Suppose z + a = 4*z. Suppose -i = -3*w - 3 - 2, 0 = z*i + w - 9. Calculate d(i).
-5
Let d(k) be the third derivative of -19*k**5/60 + k**4/12 + 8*k**2 - 14*k - 1. What is d(2)?
-72
Let x(h) be the first derivative of -58 - 2/3*h**3 - 7/2*h**2 - 5*h. Determine x(-4).
-9
Let p(l) = -5*l**3 + 3*l**2 - 2*l - 3. Let i be p(-1). Let v(j) = 3*j - i - 7 + 6 - 1. Determine v(9).
18
Let t(i) = 14*i - 2 - i**2 + 3 - 15*i. Let g(h) = -14*h - 21. Let q(o) = 5*o + 7. Let u(x) = 4*g(x) + 11*q(x). Let n be u(-5). What is t(n)?
-1
Let y(p) = 9*p**3 - 3*p + 1. Suppose 2*n + k = 4, 2*n + k = -4*k + 12. Let x be y(n). Let i(j) = -6*j + 2 - 4 + 2*j**3 - 3*j**3 + 8*j**2. Calculate i(x).
5
Let l(o) = -5 + 105*o**2 + 23744*o**3 - 23743*o**3 - 6*o - 113*o**2. Determine l(5).
-110
Let i(g) be the third derivative of -2*g - 7/8*g**4 + 0 + 0*g**3 - 27*g**2. Calculate i(-1).
21
Let j(p) = 61*p - 32*p - 2 + 0 - 8 - 37*p. Calculate j(-1).
-2
Let x(b) = -121*b**3 + 3*b**2 + 59*b + 20. Let a(j) = -27*j**3 + j**2 + 14*j + 5. Let z(n) = 9*a(n) - 2*x(n). What is z(6)?
-55
Let s(l) = -4*l**2 - 6*l - 7. Let w(u) = 3*u**2 + 6*u + 7. Let j(r) = -4*s(r) - 5*w(r). Let n be 12 + -5 + (-2)/2. What is j(n)?
-7
Let g(a) be the first derivative of a**5/60 + 3*a**4/8 + 5*a**3/6 + 33*a**2/2 - 88. Let n(i) be the second derivative of g(i). What is n(-6)?
-13
Let c(y) be the first derivative of -8/3*y**3 + y**2 + 10*y + 1/4*y**4 + 43. Calculate c(8).
26
Let r(k) be the third derivative of k**6/360 - k**5/12 + k**4/2 + 13*k**3 - 92*k**2. Let m(q) be the first derivative of r(q). Calculate m(8).
-4
Let d(x) = x - 4. Suppose -4*a + 25 = -11. Suppose 4*r + a = 45. Let b be d(r). Let j(p) = -p + 1. Calculate j(b).
-4
Let i(x) = -2*x - 4. Let s be i(-3). Suppose -s*f = -3*f + 3. Let a(z) = 4*z**2 - 9 - f*z**2 + 11. What is a(-2)?
6
Let d be ((-124)/8 + 0)*-2. Suppose 2*z = 37 - d. Let s(j) = -9 + 7*j**2 + j**3 - 3*j + 2*j**2 - z*j**2. What is s(-6)?
9
Let z(k) = 15*k**3 - k. Suppose 0 = -4*m + m + 2*s + 10, 5*s = 5. Let o be (-3 - 1)/m - -2. Determine z(o).
14
Let o(g) = g**3 - 4*g**2 + 3*g. Let m be (-12)/1*((-138)/(-18) + -8). Let i be 1/(-6) + 3/18. Suppose i = -k + m*k - 6. What is o(k)?
-2
Let h(r) = 3*r - 16. Let d be h(10). Let b be ((-72)/d)/(21/(-98)). Let s = b - 21. Let o(v) = -v - 1. Give o(s).
-4
Suppose -4*l + 0*l = -2*f + 74, -3*f - l + 125 = 0. Let r(d) = -4 - d**3 - 5*d**2 + 26*d - f*d + 23*d. Give r(-6).
-16
Let j be 306/19 + (-36)/342. Let v(s) = -5 + j*s + 6 + s**2 - 13*s. Let i be (-4)/18 + (-48)/27. Give v(i).
-1
Suppose -8 = -g - 2*c, 2*g + 2*c = 6*g - 2. Suppose -2*j + g*t - 7 = -3, -3*t - 24 = 2*j. Let f(x) = 3*x + 8. Calculate f(j).
-10
Let q(y) = 20*y - 91. Suppose -130*r - 50 = -272*r + 132*r. Determine q(r).
9
Let p(y) = -11*y - 16. Let q(v) = 29*v + 47. Let n(k) = -11*p(k) - 4*q(k). What is n(6)?
18
Let j(h) = 6*h**3 + 11*h**2 + 7*h + 15. Let i(c) = 5*c**3 + 11*c**2 + 6*c + 14. Let w(t) = 7*i(t) - 6*j(t). Let o be ((-5451)/(-69) - 57)/(0 - -2). Give w(o).
8
Let z(l) = -2*l**2 + 6*l + 3. Let n be 1*((-52)/(-8) - 7/(14/3)). Determine z(n).
-17
Let y(v) = 13*v**3 + 46*v**2 + 20*v + 37. Let l(o) = 11*o**3 + 42*o**2 + 21*o + 38. Let k(q) = 6*l(q) - 5*y(q). Determine k(-21).
-62
Let u(p) = -p - 8. Let r(b) = b + 7. Let x(q) = -7*r(q) - 6*u(q). Let v be x(0). Let j(w) be the first derivative of -2*w**3 - w**2/2 + 2472. Calculate j(v).
-5
Let 